- 2*n - 9. Let o(r) = 8*r**3 - 2*r**2 - r - 10. Let w(i) = -6*o(i) + 7*q(i). Calculate w(f).
9
Let k(f) = -28*f + 187. Let i be k(7). Let n(j) = -2*j - 13. What is n(i)?
5
Let h(m) = m**2 - 2*m - 4. Let x be h(4). Suppose -6*s - 25 = -s + x*g, 22 = 3*s - 5*g. Let c be ((-1)/s)/2*4. Let i(t) = -t + 1. Calculate i(c).
-1
Let n(c) = c**2 + 7*c + 6. Let k(w) = w**2 - 6*w + 9. Let b be k(2). Let i be (-2)/(-3)*(-7 + b). Calculate n(i).
-6
Let f(z) = 4 - 5*z + 0*z**2 + 1 - 6*z**2 + z**3 - 2*z**3. Let j be 11/((-22)/30)*(-2)/(-6). What is f(j)?
5
Let w(s) be the first derivative of s**4/4 + 5*s**3/3 + s**2/2 - 8*s - 949. Determine w(-4).
4
Let u(o) = -3*o**2 - 2*o - 6. Let r be 0*9/6*2/(-3). What is u(r)?
-6
Let g(x) be the first derivative of -x**4/4 + 13*x**3/3 - 6*x**2 + 76. Determine g(12).
0
Let o(p) = -p**2 - 13*p - 6. Suppose 6*j - 9 = -69. Calculate o(j).
24
Let x(h) be the second derivative of -h**4/12 + h**3/6 - h**2 - 18*h. Let s(o) = 2*o**2 - o + 5. Let a(r) = -2*s(r) - 5*x(r). Determine a(4).
4
Let o(f) = -f**3 - 11*f**2 - 13. Let b be ((-858)/117)/((-6)/(-9)). Give o(b).
-13
Suppose m + m - 6 = 2*a, 3*m - 13 = 2*a. Let y(f) be the second derivative of f**5/20 - 7*f**4/12 + f**3/6 - 3*f**2 - 62*f. What is y(m)?
1
Suppose -5*t = 2*x - 9*t - 12, 0 = 3*t + 9. Let o(a) = -a**2 - 7. Determine o(x).
-7
Let v(s) = s**2 - 4*s + 2. Let o be v(4). Let k be 15/(0 - (-1)/3). Let u(n) = k + 0*n**3 - 46 + n**3 - 2*n. Give u(o).
3
Let z(o) = -o**3 - 3*o**2 + 5*o + 6. Let i be -2*(-1 + (2 + 6 - 5)). Give z(i).
2
Let p(u) be the third derivative of -u**6/120 - 7*u**5/60 - 13*u**3/6 + 29*u**2 - 5*u. Calculate p(-7).
-13
Let p(i) = -5*i**2 - 11*i + 7. Let k(v) = -4*v**2 - 9*v + 7. Let n(t) = -4*k(t) + 3*p(t). What is n(-5)?
3
Let s(r) = -r**2 - 1. Let w(u) = 5*u**2 + 10*u + 21. Let m(p) = 4*s(p) + w(p). Let q be m(-7). Let z(c) = 4*c + 0*c - 3*c. What is z(q)?
-4
Let x(u) be the first derivative of -u**6/360 + u**5/120 + 5*u**3/3 + 3. Let a(t) be the third derivative of x(t). What is a(-3)?
-12
Let b = 25 + -10. Let j = -11 + b. Let d(r) be the second derivative of -r**5/20 + r**4/3 - r**3/6 - 5*r**2/2 - r. Determine d(j).
-9
Let m(k) = -2*k**2 - 7*k - 4. Let g be m(-3). Let d(h) = -23*h**2. Calculate d(g).
-23
Let x(i) = 21*i**3 + 2*i**2 - 1. Let h(q) = -q**2 - 18*q - 73. Let k be h(-6). What is x(k)?
-20
Let t(o) = o**2 - 5*o + 2. Let v(n) = n**3 - n - 3. Let q(s) = -2*s**3 + 3*s + 7. Let i(u) = 3*q(u) + 7*v(u). Let l be i(2). Let j = l + -8. What is t(j)?
-2
Let s(r) = r**3 - 6*r**2 + 6*r - 4. Let a = -38 + 26. Let f be a/(-18)*30/4. Calculate s(f).
1
Let m(f) = 3*f + 3. Suppose -4*q - q = -45. Let y = q + -7. Let a be (-1 - -13 - y)/(-2). What is m(a)?
-12
Let g(c) be the second derivative of c**5/20 + 3*c**4/4 + 13*c**3/6 - c**2/2 + 317*c. What is g(-7)?
6
Let z(v) = -6*v - 67. Let q(g) = -5*g - 61. Let a(i) = 5*q(i) - 4*z(i). Determine a(0).
-37
Let b(g) = 2*g - 1. Let w(q) = -q + 2. Let k(h) = -h. Let y(t) = -4*k(t) - w(t). Let p(l) = -9*b(l) + 4*y(l). Determine p(-5).
-9
Suppose -118 = w - 2*i - 0*i, 4*w = -3*i - 439. Let c be 6/(-10) + (-4 - w/20). Let q(k) = 5*k - 1. Calculate q(c).
4
Let h(x) = x**3 - x**2 - 4*x - 19. Let g be h(0). Let j = -41 + 28. Let i = g - j. Let l(o) = -o**3 - 5*o**2 + 5*o - 4. Determine l(i).
2
Let v(i) be the third derivative of i**6/120 - 3*i**5/10 - 19*i**4/24 - 7*i**3/6 + 557*i**2. Calculate v(19).
-7
Suppose -2*x + 48 = 2*n + n, 2*x - n - 32 = 0. Let y be 50/x + (-2)/(-9). Let o(m) = 5*m**2 + 3 + m**2 + 0 + m**y + 3*m. What is o(-5)?
13
Let b(d) = d**2 - 11*d + 21. Let k be b(3). Let m(u) = u**3 + u**2 - u + 2. Calculate m(k).
-13
Let c(h) be the second derivative of h**5/60 - h**4/6 - 10*h**2 + 23*h. Let v(k) be the first derivative of c(k). Determine v(6).
12
Let r(c) = 4*c**2 + 2*c - 5. Let a(t) = -5*t**2 - 3*t + 5. Let o(k) = -3*a(k) - 4*r(k). Suppose 7 = -2*g + g. Let l be ((-2)/5)/(g/70). What is o(l)?
-7
Let i(m) = 3*m - 13. Let u be i(6). Let t be (u + -1)*1/2. Let v(h) = 0 - h - t + h**2 + 1 + 2. Determine v(3).
7
Let n(g) = -g**2 + 5*g + 6. Let m be n(5). Let z be m/(-4) + (-22)/4. Let y(i) = 7*i + 23. Let p(f) = 9*f + 26. Let h(w) = -3*p(w) + 4*y(w). Determine h(z).
7
Let j(u) be the second derivative of -5/2*u**2 + 7/6*u**3 - 27*u - 5/12*u**4 + 1/20*u**5 + 0. What is j(4)?
7
Let p(x) = x + 2*x - 10684 + 10687. What is p(6)?
21
Let n be 1/((-28)/(-336))*(-2 - -1). Let x(g) be the first derivative of -g**4/4 - 11*g**3/3 + 13*g**2/2 + 9*g + 1. Calculate x(n).
-3
Let t(z) = -z**3 + 6*z**2 + 3*z - 5. Let u be t(6). Let x(c) = -6 - 7*c - 3*c**2 + 11*c**2 + c**3 - u*c**2. Give x(6).
-12
Let p(j) = -2*j + 9. Suppose 513 = 4*c + m - 0*m, -5*c = 5*m - 660. Suppose -4*n - 51 = -c. Suppose 4*d = -5*k + 47, d - n = -4*k + 4*d. What is p(k)?
-5
Let m be 0*(3 + -4) - -4. Let q(h) = 5 - 7*h + m*h + 4 - 3. Give q(5).
-9
Let f(k) be the second derivative of -k**3/6 + 13*k**2/2 - 252*k. Calculate f(0).
13
Suppose -4*b = b. Let y(q) be the third derivative of 0 - 1/3*q**3 + 0*q + q**2 - 1/24*q**4. What is y(b)?
-2
Let y(t) = 6*t - 1. Let z(k) = -2*k**2 - 34*k + 2. Let b(s) = -5*y(s) - z(s). What is b(-1)?
1
Let u(q) = -13*q + 123. Let r(g) = 3*g - 31. Let b(n) = -23*r(n) - 6*u(n). Determine b(3).
2
Let y = -1 + 4. Let q(p) = 2 - y*p - 4*p + 4*p. Let f(d) = -d**2 + 2*d + 1. Let k be f(-1). Give q(k).
8
Let j = 18 + -14. Suppose 5*p + 13 = -4*z, 0*z + z + j*p = -17. Let a(v) = 3*v**2 - 3*v + 5 - 3 + 3*v**z - 2*v**3 - 2*v**3. Determine a(3).
-7
Let m(u) = -u**3 - u - 18. Let t be 1*13/(-1) - -2. Let o = 23 + -34. Let r = o - t. Give m(r).
-18
Let c(p) = 5*p**3 + p**2 + 4*p - 1. Let q(i) = 14*i**3 + 2*i**2 + 11*i - 3. Let r(k) = -17*c(k) + 6*q(k). Let w(o) = -12*o + 91. Let t be w(8). What is r(t)?
9
Suppose 35 + 7 = -7*y. Let z be (y/(-12))/((-3)/12). Let d(l) = -2*l - 3. Give d(z).
1
Let f(v) = 0*v - 7 - 3*v + 6*v - 4*v. Let q be f(-5). Let z(a) = -a**3 - 2*a**2 + 2*a - 1. What is z(q)?
-5
Suppose -60*j + 63*j - 33 = 0. Let v(o) = -2*o + 9. Give v(j).
-13
Let f(h) = -h**2 - 8*h - 7. Let a(g) = 3*g**2 + 3*g. Let m be a(-4). Suppose -3*x = 3*x + m. Calculate f(x).
5
Let v(l) be the first derivative of l**6/60 + l**4/24 - 12*l**3 + 15. Let q(b) be the third derivative of v(b). Suppose -2 - 1 = 3*f. Give q(f).
7
Let g be (-10*(-3)/18)/((-95)/(-114)). Let a(t) = t**3 - 2*t**2 + 5*t - 4. Calculate a(g).
6
Let g(k) = k**3 + 3*k**2 - 7*k + 1. Let s(b) = b**2 + 13*b + 15. Let m be s(-10). Let z = -5 - m. Suppose 0 = 6*o - 4*o + z. Calculate g(o).
-14
Let g(z) = -z**2. Let x(l) = l**2 - 5*l + 18. Let j(y) = 2*g(y) + x(y). Let f(q) be the first derivative of j(q). Determine f(-4).
3
Let f(m) = m**3 - 9*m**2 + 11*m - 11. Suppose -12*g + 15*g = -i - 1, -2*g - 46 = -5*i. Calculate f(i).
13
Let y(v) = 23*v - 66. Let h be y(3). Let s(p) be the third derivative of -p**h + 3*p**2 - 1/12*p**4 + 0*p + 0. Calculate s(-6).
6
Let l(d) = -5*d + 1. Let y(g) = -g. Let j(t) = -l(t) - 3*y(t). Let v(b) = -b**3 - 6*b**2 - 16*b - 19. Let u be v(-3). What is j(u)?
15
Let l = 30 - 0. Let t = 34 - l. Let n(d) = d - d - d - t. Calculate n(-5).
1
Let k(z) = -6*z + z + 3*z + 4*z + 3*z. Let p(y) = -y**3 - 7*y**2 + y + 7. Let g be p(-7). Let w be 0 + (-3 - -2 - g). What is k(w)?
-5
Suppose -27 = -3*r - w - 11, -4*r + 3*w + 43 = 0. Let d(m) = m**3 - 8*m**2 + m + 5. What is d(r)?
-37
Let v(t) = t + 4. Suppose 4*m = -j - 79, -3*j = -4*m - 2*j - 73. Let z = m - -11. What is v(z)?
-4
Let b(x) = -4*x. Let l be 3/6*-2*15. Let c be (13 + -3)*(-6)/l. Suppose c*v = v + 3. Calculate b(v).
-4
Let h = 11 + -4. Suppose 2*p = p + h. Let g(q) = q - 2*q + 2 + 0. What is g(p)?
-5
Suppose -4*w + 8 = -12. Let j(p) = -p + 2 - 1 - 2 + 4. Determine j(w).
-2
Let b be (-4)/(-10) - -1*(-9)/(-15). Let q be b + -2 - (-6)/2. Let u(w) = 5*w - 1. Calculate u(q).
9
Let r(v) = 32*v**2 - 2*v**3 + 136607 - 136607 - 30*v. Give r(15).
0
Let s(d) = d**2 + 7*d + 6 - 5*d**2 + 3*d**2. Calculate s(7).
6
Let i(f) = f**2 + 5*f + 2. Suppose 306*u - 312*u - 18 = 0. Calculate i(u).
-4
Let y(w) = -27*w**3 - 4*w**2 - 18*w - 5. Let j(r) = 5*r**3 + r**2 + 3*r + 1. Let m(s) = 11*j(s) + 2*y(s). Determine m(-4).
-3
Let l(n) be the first derivative of -n**3/3 + 3*n**2 - 3*n - 2. Suppose 5 = 4*s + 2*y - 17, -s + 1